 22*q**3 - 26*q**2 - 118*q + 8. Determine y(-4).
-1344
Let w(c) = -9344*c - 37388. Give w(-4).
-12
Let i(p) = 33*p**2 - 75*p + 258. Calculate i(4).
486
Let d(w) = w**2 - 1762*w + 14035. What is d(8)?
3
Let t(k) = -2*k**3 - 333*k**2 + 176*k + 1621. Give t(-167).
118
Let j(v) = -123*v**2 - 8352*v - 202. Determine j(-68).
-1018
Let v(a) = -16*a**3 - 3809*a**2 - 242*a - 957. Give v(-238).
-5
Let y(j) = -9*j**2 + 4985*j - 201437. Determine y(510).
13
Let q(h) = -h**3 + 33*h**2 - 23*h - 79. Determine q(2).
-1
Let v(x) = -54*x**2 + 12*x + 36. Determine v(-2).
-204
Let q(t) = 100*t**2 - 2080*t - 12443. What is q(-6)?
3637
Let r(x) = 1279*x - 232747. What is r(182)?
31
Let o(b) = -661*b + 28379. Calculate o(48).
-3349
Let h(n) = 5*n**2 - 10576*n + 74097. Determine h(7).
310
Let c(q) = q**2 - 27937*q - 363364. What is c(-13)?
-14
Let a(x) = -50708*x - 8772487. Determine a(-173).
-3
Let a(m) = -m**2 - 91*m - 1213. Give a(-16).
-13
Let k(x) = -3*x**2 + 1392*x - 20228. What is k(15)?
-23
Let o(q) = -297*q**2 + 25568*q - 2230. Give o(86).
6
Let z(a) = -3133*a + 3389915. Determine z(1082).
9
Let z(y) = 14*y**2 + 261*y + 147. Calculate z(-19).
242
Let n(f) = 47772*f + 573252. Give n(-12).
-12
Let i(m) = 96374*m - 577736. Give i(6).
508
Let m(h) = 11*h**2 - 1588*h + 41569. Determine m(110).
-11
Let x(a) = 141*a**3 - 2*a**2 + 21*a - 21. Calculate x(1).
139
Let k(m) = -85581*m + 1283662. Calculate k(15).
-53
Let g(o) = -89429*o + 1609789. Give g(18).
67
Let c(w) = w**3 - 33*w**2 + 14*w + 707. Give c(33).
1169
Let r(p) = 1243*p + 175234. Determine r(-141).
-29
Let h(m) = 110*m**2 + 319*m - 28. Calculate h(-3).
5
Let g(x) = -x**3 - 100*x**2 + 388*x + 117. Calculate g(4).
5
Let i(z) = -410*z**2 - 2876*z - 7. Give i(-7).
35
Let f(s) = 648*s + 156188. Calculate f(-241).
20
Let m(s) = 2*s**3 + 178*s**2 + 3636*s - 696. Give m(-57).
-12
Let c(t) = 2*t**2 - 9826*t - 516366. What is c(-52)?
-6
Let g(d) = 5116*d + 19859. Give g(-4).
-605
Let c(p) = -2615*p + 18234. What is c(8)?
-2686
Let w(s) = -13*s**2 - 4410*s - 17552. Determine w(-4).
-120
Let v(f) = -134*f - 15252. What is v(-114)?
24
Let j(a) = -18*a**3 + 129*a**2 - 3*a - 182. What is j(7)?
-56
Let p(d) = -13*d**2 - 125759*d - 2509970. What is p(-20)?
10
Let n(p) = 2*p**2 + 851*p + 80226. Determine n(-282).
-708
Let z(f) = 475*f**2 + 5224*f + 34. What is z(-11)?
45
Let d(v) = -v**3 + 14*v**2 + 51*v - 424. Give d(7).
276
Let z(h) = h**2 - 72*h - 971. Calculate z(83).
-58
Let y(w) = 3*w**2 + 332*w + 7379. Give y(-31).
-30
Let w(c) = c**3 - 114*c**2 - 2131*c - 813. What is w(-16)?
3
Let c(d) = -101082*d - 2223791. Calculate c(-22).
13
Let v(i) = 2*i**3 + 15*i**2 + 15*i + 53. Calculate v(-9).
-325
Let g(w) = -293*w + 39628. Determine g(135).
73
Let u(c) = -1902*c - 5718. What is u(-3)?
-12
Let r(l) = -2*l**3 + 36*l**2 + 99*l - 1780. Calculate r(18).
2
Let g(b) = 38928*b + 1128912. Calculate g(-29).
0
Let v(p) = -12*p - 1311. Give v(-96).
-159
Let w(f) = -20*f**3 - 174*f**2 - 16*f - 43. Determine w(-5).
-1813
Let i(m) = 973849*m - 15581578. Determine i(16).
6
Let w(s) = -s**3 - 26*s**2 + 816*s - 400. Calculate w(18).
32
Let x(v) = -65867*v + 395167. What is x(6)?
-35
Let r(l) = -22*l**2 - 13804*l - 998795. What is r(-544)?
-11
Let d(g) = -1101*g**2 - 61*g - 40. What is d(-1)?
-1080
Let f(t) = t**3 + 1154*t**2 + 24864*t - 45276. What is f(-1132)?
4
Let u(h) = 4*h**2 - 6990*h + 352662. Calculate u(52).
-2
Let s(b) = 55*b + 7530. Determine s(-9).
7035
Let j(u) = 22*u**3 + 463*u**2 + 53*u + 678. Determine j(-21).
6
Let a(s) = s**2 - 7*s + 218. Determine a(8).
226
Let g(i) = 199*i**3 + 2*i**2 + 13*i - 14. What is g(1)?
200
Let j(v) = 3702*v**2 - 45*v - 49. What is j(-1)?
3698
Let j(t) = -t**3 - 17*t**2 + 407*t - 8. Determine j(13).
213
Let u(r) = r**3 + 314*r**2 + 1593*r - 78551. Give u(-308).
-11
Let b(c) = -19695*c + 39525. What is b(2)?
135
Let w(v) = 5*v**2 - 549*v - 1440. Give w(112).
-208
Let t(h) = -h**3 - 248*h**2 + 1563*h + 9948. What is t(-254)?
42
Let n(a) = -10496*a - 335858. Determine n(-32).
14
Let j(p) = -22881*p - 344089. Give j(-15).
-874
Let m(y) = 5*y**3 - 15*y**2 + 55*y - 432. What is m(7)?
933
Let c(f) = 3*f**3 + 58*f**2 - 63*f - 436. Give c(-20).
24
Let k(s) = s**3 - 39*s**2 + 44*s - 2772. Give k(40).
588
Let r(n) = 9373*n - 28045. Determine r(3).
74
Let d(a) = 2*a**3 + 75*a**2 + 392*a + 481. Calculate d(-4).
-15
Let i(r) = r**2 - 18887*r + 132157. What is i(7)?
-3
Let b(w) = 49320*w - 394508. Give b(8).
52
Let m(g) = -2*g**3 - 99*g**2 - 862*g - 39799. Calculate m(-49).
38
Let x(f) = -82*f**3 + 980*f**2 + 56*f - 39. Calculate x(12).
57
Let q(v) = -1110578*v - 4442310. Give q(-4).
2
Let r(o) = -1931*o + 81970. Determine r(42).
868
Let j(c) = -7*c**2 - 941*c + 226988. Give j(125).
-12
Let m(y) = -365425*y + 17174977. What is m(47)?
2
Let y(f) = -4*f**3 + 86*f**2 - 89*f + 2981. Give y(22).
55
Let x(f) = -3*f**2 + 230*f + 4533. Determine x(94).
-355
Let n(r) = 16951*r + 390210. Give n(-23).
337
Let x(h) = -64*h**2 - 1372*h + 34980. What is x(15)?
0
Let k(i) = 3*i**2 + 18151*i - 54480. Give k(3).
0
Let f(b) = -7*b**2 - 1628*b + 3252. Calculate f(2).
-32
Let o(b) = 6*b**2 - 14729*b - 73795. Determine o(-5).
0
Let m(u) = -10*u**3 + 283*u**2 + 543*u - 17560. Give m(28).
-4
Let n(c) = 3967255*c - 31738028. Determine n(8).
12
Let i(v) = -5*v**3 - 5762*v**2 - 2296*v + 9247. Calculate i(-1152).
31
Let v(o) = -40910*o - 1595552. Determine v(-39).
-62
Let c(k) = -k**3 + 156*k**2 - 1462*k + 442. Determine c(146).
150
Let i(l) = 98*l**2 - 10342*l - 37048. What is i(109)?
12
Let p(f) = -36673*f + 440075. What is p(12)?
-1
Let x(u) = 6*u**2 - 119*u - 1655. What is x(-15)?
1480
Let i(p) = 3*p**3 - 193*p**2 + 45*p + 999. Calculate i(64).
-217
Let w(m) = -21149*m - 190343. Calculate w(-9).
-2
Let s(z) = 15*z**2 - 274*z + 109. Determine s(16).
-435
Let y(i) = -707*i**3 - 8*i + 8. What is y(1)?
-707
Let d(j) = 7*j**2 - 1142*j + 18437. Give d(145).
22
Let f(t) = 285*t + 11513. Determine f(-40).
113
Let t(g) = -6*g**2 + 2780*g - 24758. Calculate t(9).
-224
Let d(g) = g**3 - 220*g**2 - 19*g + 4220. Determine d(220).
40
Let k(w) = 50*w**2 + 2987*w - 5980. Determine k(2).
194
Let v(z) = -2*z**2 - 21605*z - 452829. Give v(-21).
-6
Let t(r) = 2*r**2 + 750*r - 127. Calculate t(0).
-127
Let m(n) = 32747*n - 196431. Give m(6).
51
Let x(w) = 52*w**2 - 87*w - 169. Determine x(-2).
213
Let q(v) = -462*v + 16942. Give q(37).
-152
Let f(n) = -40069*n + 1202043. Calculate f(30).
-27
Let x(a) = 5*a**3 + 7*a**2 + 348*a + 343. Calculate x(-1).
-3
Let o(l) = 4*l**3 + 62*l**2 - 268*l - 14. Give o(-19).
24
Let s(k) = 282*k - 2723. What is s(7)?
-749
Let w(p) = -59*p**2 - 16108*p - 228. Give w(-273).
45
Let r(i) = -2*i**3 - 723*i**2 + 3298*i + 1542. Determine r(-366).
78
Let w(s) = -7*s**3 - 44*s**2 + 4*s + 65. Give w(-4).
-207
Let q(b) = -9523*b - 85687. What is q(-9)?
20
Let b(k) = -k**3 + 8*k**2 + 88*k - 894. What is b(8)?
-190
Let a(f) = -2*f**3 + 472*f**2 - 5377*f + 28. Calculate a(224).
-196
Let z(i) = 1559*i + 250808. What is z(-161)?
-191
Let b(r) = -6*r**2 + 1696*r - 100809. Determine b(85).
1
Let u(v) = -3*v**3 - 530*v**2 + 3859*v - 14. Determine u(7).
0
Let l(s) = s**3 + 11*s**2 + 1491*s + 16285. Determine l(-11).
-116
Let b(x) = 519*x - 384056. Give b(740).
4
Let c(j) = -j**3 + 52*j**2 + 9202*j - 491111. What is c(54)?
-35
Let m(w) = w**2 - 92504*w - 3701764. Give m(-40).
-4
Let h(d) = 2*d**2 - 214*d - 10656. Determine h(142).
-716
Let d(w) = 5506*w - 5538. What is d(1)?
-32
Let p(b) = 4*b**3 + 76*b**2 + 49*b + 833. What is p(-19)?
-98
Let j(p) = -p**3 + 176*p**2 - 1028*p + 1425. Give j(170).
65
Let u(m) = -36*m + 4164. What is u(122)?
-228
Let v(x) = -x**3 - 2*x**2 + 484*x + 1440. Determine v(-3).
-3
Let p(y) = -2180*y + 1591418. What is p(730)?
18
Let b(r) = 2969*r - 1110464. What is b(374)?
-58
Let b(d) = -d**3 + 8*d**2 + 270*d - 2186. What is b(16)?
86
Let k(b) = 58*b - 4922. Give k(118).
1922
Let s(z) = 2*z**3 - 36*z**2 - 916*z + 14379. Calculate s(14).
-13
Let v(d) = -4*d**2 - 248*d + 8289. Calculate v(24).
33
Let k(f) = f**3 - 233*f**2 + 44*f - 10094. Calculate k(233).
158
Let z(g) = -400871*g + 2405217. Calculate z(6).
-9
Let v(m) = 465*m**2 + 6592*m - 59. Give v(-14).
-1207
Let i(m) = m**3 + 15*m**2 + 152*m + 520. Determine 